*i - 208 - i**2. Let b be (-36)/45*(-5)/2. Give h(b).
5
Let n(k) = 5*k**2 + 14*k + 11. Let d(p) = -14*p**2 - 41*p - 33. Let g(c) = -6*d(c) - 17*n(c). Calculate g(9).
2
Let a(u) be the third derivative of 5*u**4/24 + u**3/3 - 2*u**2 - 22. Determine a(3).
17
Let n = -9 - -13. Let o = n - 2. Suppose -o*s = -3*s + 5. Let f(c) = c**3 - 4*c**2 - 4*c. Calculate f(s).
5
Let r be 1/(-8)*2 - (-2)/8. Let f(k) be the third derivative of 1/60*k**5 + 0*k**4 - 1/6*k**3 + r*k + 1/40*k**6 + 0 - k**2. Calculate f(-1).
-3
Let j(i) = 1 - 2*i - 5*i - 2*i. Let g(x) = -x**2 - 2 + x + 2*x**3 + 3*x**3 - x**3 - 3*x**3. Let k be g(1). Calculate j(k).
10
Let m(f) be the first derivative of f**4/4 - 5*f**3/3 - 7*f**2/2 + 2*f - 230. Suppose 0 = 4*u + b - 20, -4*u + 4*b + 21 = -19. Determine m(u).
-4
Let y(c) = c**2 - 8*c**2 - c + 10*c**2 - 4 - 2*c**2. Let w be y(0). Let v(x) = 2*x - 1 + x - x. What is v(w)?
-9
Let q(j) = 16*j - 3. Let b(r) = 30*r - 6. Let d(t) = 5*b(t) - 9*q(t). What is d(4)?
21
Let x(p) be the second derivative of p**4/6 + p**3/2 + 3*p**2/2 - 21*p - 6. Calculate x(-3).
12
Suppose 0 = -2*m - 5*c, 3*c - 4*c - 34 = -3*m. Suppose -m*r + 7*r + 30 = 0. Let x(y) = 2*y**2 + 5 - 5*y + y**3 - 1 + y**2 - r. What is x(-4)?
-2
Let a be 0*(-9)/27 - -4. Let r(u) = 2*u**2 + u - 1. Let w(o) = 3*o**2 + 3*o - 3. Let d(n) = 5*r(n) - 3*w(n). What is d(a)?
4
Let q(y) = -y**3 + 2*y**2 - y + 2. Let f be q(0). Let x(z) = 0 - z**2 - 7*z - z**2 - 4 + z**f. Calculate x(-5).
6
Let c(x) = -2*x**2 - 8*x - 7. Let r be c(-2). Let u(j) = 9*j**2 - j + 1. What is u(r)?
9
Suppose 0 = -95*s + 94*s + 1. Let t(k) = -k**3 - 4 - 5*k + 3*k + 5. Calculate t(s).
-2
Let j(q) = 8 + q - 7 - 3*q + 3*q. Suppose -4*k = 5*u - 11, -6*k + 3*k = -3*u - 15. Determine j(k).
5
Let f(r) = 41*r**2 + r + 2 + 44*r**2 - 84*r**2. Calculate f(-2).
4
Let f be (-2)/((-3)/168*-2). Let v = -53 - f. Let y(c) = -3*c + 1. Let k(g) = 9*g - 3. Let r(z) = -4*k(z) - 11*y(z). What is r(v)?
-8
Let h(s) = 3*s - 5. Let t(z) = -4*z + 5. Let g(o) = -5*h(o) - 4*t(o). Let n be (-5 + (-22)/(-4))*(-3 + 3). Calculate g(n).
5
Let j(i) = -i + 12. Let l be 0 + (-26)/2 - -22. Give j(l).
3
Suppose 5*i + 29 = 2*r, -r = -63*i + 59*i - 22. Let s(y) = y**3 + 5*y**2 + 7. What is s(i)?
7
Let w(u) = 9*u - 1. Let m(r) = 4*r - r - 3*r - r**2 + 3*r. Let t be m(5). Let a = t + 11. Give w(a).
8
Let f = -5 - -3. Let o(a) = -2*a + 0*a - a**2 - 2*a**3 + 2*a - 1 + 10*a - 12*a. What is o(f)?
15
Let o(k) be the first derivative of k**4/4 + 5*k**3/3 + 2*k**2 + 2*k - 261. Determine o(-3).
8
Let q = 294 - 302. Let g(t) = t**3 + 7*t**2 - 9*t - 7. Calculate g(q).
1
Suppose 5*d + 5*z - 25 = 0, 25 = 4*d - 5*z - 31. Let t(v) be the third derivative of v**4/24 - 2*v**3/3 - 2*v**2. Calculate t(d).
5
Let n = -1733 + 1744. Let t(h) = h**2 - 11*h + 4. Give t(n).
4
Let r = 41 - 41. Suppose -4*f + 15 + 1 = r. Let p(g) be the third derivative of g**5/60 - 5*g**4/24 - g**3/3 - g**2. Give p(f).
-6
Suppose -2*k + 0*k = -16. Let y(a) be the first derivative of a**3/3 - 7*a**2/2 - 3*a + 166. Give y(k).
5
Let v(a) = a + 5 + 5 - 6 + 0 - 2. What is v(-7)?
-5
Let d = -331 + 329. Let t(y) = y**3 - y**2 + 4*y + 3. Give t(d).
-17
Let o be 3/6 - (-7)/2. Suppose o*d - 8*d - 8 = 0. Let i(b) = -b**3 - 3*b**2 - 2*b + 2. Let k be i(d). Let v(g) = g**2 + 2*g - 1. Give v(k).
7
Let u = -62 - -58. Let t(j) = j + 5. What is t(u)?
1
Let g(h) = h - 11. Suppose 3*k - 3*n = 57, -18 = -4*k - 4*n + 26. Let p be (k/30)/((-2)/(-28)). Give g(p).
-4
Let o(i) = i**2 - i - 1. Let y be -2 + (3 - -3) + -3. Let a(c) = -5*c**2 + 12*c + 13. Let d(j) = y*a(j) + 6*o(j). Let r be (-4)/(4*2/12). What is d(r)?
7
Suppose -2*s - 3*j = 20, 238*s + 60 = 235*s + 3*j. Let b(h) = -3*h - 18. Calculate b(s).
30
Let n(r) be the first derivative of -1/3*r**3 - 6*r - 9/2*r**2 - 3. What is n(-9)?
-6
Let u(f) be the second derivative of -1/2*f**3 - 1/20*f**5 - 1/2*f**4 + 17*f + 0 + 1/2*f**2. Calculate u(-5).
-9
Let a(f) = -3*f + 2. Let y(m) = 13*m - 8. Let t(b) = 18*a(b) + 4*y(b). Let w be 7 + 1/(-1) + (20 - 21). Determine t(w).
-6
Let r(i) = -i**3 - 4*i**2 + 7*i + 1. Let b = 195 + -200. Give r(b).
-9
Let t(l) = -l**3 - 4*l**2 - 2*l - 6. Let a = -65 + 60. What is t(a)?
29
Suppose -2*l + 5*h = -14, -3*l = -7*l - 5*h + 28. Let n(u) = 1 + l*u**2 - u + 6*u**2 - 2*u**2. Calculate n(1).
11
Let q(w) be the first derivative of w**2 - 1/4*w**4 - 2*w**3 + 14 + 9*w. Give q(-6).
-3
Let f(m) = m**3 + 6*m**2 - 7*m - 16. Let c(h) = h**3 + 6*h**2 - 6*h - 14. Let o(b) = 6*c(b) - 5*f(b). Determine o(-6).
2
Let c(g) = -g**3 - 8*g**2 + 8*g - 10. Suppose -d + 2 = 3, 14 = -s - 5*d. Let l be c(s). Let t(i) = 3*i**2 - i. Calculate t(l).
4
Suppose -3*j + 3*m + 30 = 0, -4*m + m + 6 = 3*j. Let q(t) = t + 6. Give q(j).
12
Let q(r) be the third derivative of -3*r**2 + 0*r**3 + 0*r + 5/24*r**4 + 0 + 1/60*r**5. Calculate q(-6).
6
Let d(x) = x**3 - 7*x**2 + 6*x - 2. Let q be d(6). Let f(r) = r**2 + 8*r + 6. Let a(y) = 2*y**2 + 16*y + 11. Let m(h) = q*a(h) + 5*f(h). Give m(-7).
1
Let i(c) = -57*c - 38*c + 78*c. Give i(1).
-17
Suppose 0 = -5*f - 3*t + 87, -11*f = -10*f - t - 11. Let k(h) = h**3 - 14*h**2 - 16*h + 19. Determine k(f).
4
Let f(i) = 2*i**2 + 3*i + 4. Let k be f(-1). Let m(s) = -2*s - 1 + 4*s**k + 18*s**2 - 16*s**2 + 2. Give m(1).
5
Let q = -96 - -91. Let h = q + -3. Let k(x) = -x**2 - 10*x. Determine k(h).
16
Let f = -38 + 51. Let x = f + -11. Let j(l) = -l**2. Determine j(x).
-4
Let b(v) = v**2 + 32*v + 110. Let p be b(-28). Let y(t) = 2*t**2 + 2*t + 3. What is y(p)?
7
Let m(j) be the second derivative of j**7/2520 - j**6/240 - j**5/30 - j**4/4 - 2*j. Let r(f) be the third derivative of m(f). Let k = 19 - 14. What is r(k)?
6
Let a(z) = -z**2 + z - 1. Let l = -14 + 11. Let f(n) = -2*n**2 - 4*n - 7. Let j(i) = l*a(i) + f(i). What is j(6)?
-10
Let n(t) = t**2 + 5*t - 6. Let l(w) = w**2 - 4*w - 5. Let o be l(5). Suppose o = -3*j + 8*j - 40. Suppose -2*d = 5*u + 30, 0*u = 4*d - 3*u + j. Calculate n(d).
-6
Let i(z) = 67*z - 62*z + 14 - 13. Give i(-1).
-4
Let u(d) = -3 - 1 + 2 - d + 2*d. Let q be ((-34)/51)/(1/15). Let b be 4*2/(-12)*(q - -1). Calculate u(b).
4
Suppose -3*n - 3*f + 18 = 0, -5*n + 50 = -5*f - 20. Let p(c) = c**3 - 11*c**2 + 9*c + 11. Determine p(n).
1
Let w(q) be the third derivative of q**5/60 - q**4/24 - q**3/2 + 773*q**2. Let h be (-69)/(-21) - (-2)/(-7). Calculate w(h).
3
Let k(q) = -3 - 192*q + 2 + 3 + 188*q. Calculate k(-1).
6
Let l(s) = -s**3 + 9*s**2 - s + 2. Let f = -33 + 35. Suppose -15 = -f*g + 3. Calculate l(g).
-7
Let w(q) = -5*q**2 - 4*q - 6*q - q**3 + 7*q - 3 - 1. Let p(u) = -u**3 + 4*u**2 + 2*u + 11. Let b be p(5). Give w(b).
-8
Let t(l) = l**3 - 6*l**2 + 3. Let f = -50 - 25. Let o = -70 - f. Give t(o).
-22
Let w(d) = -2*d**2 + 28*d - 3. Let p be -3 - (-8)/12*(-306)/(-12). Calculate w(p).
-3
Suppose -3*m - 4*w + 25 = 0, m + w - 7 = 2. Let x = m - 6. Let n(q) be the second derivative of -q**5/20 + q**4/2 - q**3 + q**2 + 108*q. What is n(x)?
-3
Suppose -3*m - 12*n + 21 = -9*n, 0 = -4*m + n + 23. Let g(d) = d**3 - 5*d**2 - 2*d + 5. Calculate g(m).
29
Suppose 5*c + 4*q - 149 = 201, -q = -3*c + 227. Let x(b) = 75 - 2*b - 137 + c. Calculate x(10).
-8
Let l(f) = 5*f - f + f**2 + 3*f - 7. Let h be (-81)/(-45)*((2 - 2) + -5). Calculate l(h).
11
Let b(p) = p**2 + 22*p + 13. Let o(u) = u**2 + 23*u + 13. Let z(c) = 5*b(c) - 4*o(c). Let g be z(-17). Let k(r) = -r**2 - 5*r + 5. Calculate k(g).
9
Let s(t) = 2*t - 1081 + 2166 - 1086. Determine s(-3).
-7
Let r(f) = f**2 - f. Let z be r(0). Let h(b) be the third derivative of 5*b**2 + 0*b + 1/2*b**3 + 0 - 1/24*b**4. What is h(z)?
3
Let q = 21 + -19. Suppose n - 10 + q = -2*c, -4 = 2*n. Let v = 6 - c. Let u(p) = -3*p**2. Give u(v).
-3
Let p be 3 + -3 + -1 + -1. Let o be -1*9/(-3)*p. Let c(g) = -g - 5. Calculate c(o).
1
Let q(k) be the second derivative of k**6/120 + k**5/10 - k**4/3 - k**3 - 7*k**2 + 2*k. Let a(j) be the first derivative of q(j). What is a(-7)?
1
Let z(t) = -t**3 + 9*t**2 + 9*t - 5. Let f(q) = 3*q**2 + 32*q - 1. Let y be f(-11). Calculate z(y).
-15
Let n(c) = -4*c - 2. Suppose 2*w = 8 - 4. Suppose 2*f - 3*r = 13, 0*r = f + 3*r - w. Suppose 0 = 4*d - 0*h + 3*h - 1, f = -d + h. Determine n(d).
6
Let p(v) be the third derivative of -v**6/120 - 13*v**5/60 - v**4/2 - 17*v**3/6 + 17*v